{"id":12,"date":"2022-04-21T15:46:03","date_gmt":"2022-04-21T13:46:03","guid":{"rendered":"https:\/\/zeromski.waw.pl\/bip\/?page_id=12"},"modified":"2025-11-24T19:11:39","modified_gmt":"2025-11-24T18:11:39","slug":"organizacja","status":"publish","type":"page","link":"https:\/\/zeromski.waw.pl\/bip\/organizacja\/","title":{"rendered":"Organizacja"},"content":{"rendered":"\n<h3 class=\"wp-block-heading\">Liczba oddzia\u0142\u00f3w 2025\/2026<\/h3>\n\n\n\n<figure class=\"wp-block-table is-style-regular\"><table><tbody><tr><td>kl. I<\/td><td>6<\/td><\/tr><tr><td>kl. II<\/td><td>5<\/td><\/tr><tr><td>kl. III<\/td><td>7<\/td><\/tr><tr><td>kl. IV                 <\/td><td>7<\/td><\/tr><tr><td>razem<\/td><td>25<\/td><\/tr><\/tbody><\/table><\/figure>\n\n\n\n<h3 class=\"wp-block-heading\">Stan uczni\u00f3w. Stan na dzie\u0144 08.05.2025<\/h3>\n\n\n\n<figure class=\"wp-block-table\"><table><tbody><tr><td>kl. I<\/td><td>143<\/td><\/tr><tr><td>kl. II<\/td><td>219<\/td><\/tr><tr><td>kl. III<\/td><td>203<\/td><\/tr><tr><td>kl. IV                       <\/td><td>159<\/td><\/tr><tr><td>razem<\/td><td>724<\/td><\/tr><\/tbody><\/table><\/figure>\n\n\n\n<h3 class=\"wp-block-heading\">Struktura zatrudnienia<\/h3>\n\n\n\n<h4 class=\"wp-block-heading\">nauczyciele specjali\u015bci:<\/h4>\n\n\n\n<figure class=\"wp-block-table\"><table><tbody><tr><td>pedagog<\/td><td>1<\/td><\/tr><tr><td>psycholog<\/td><td>1<\/td><\/tr><tr><td>pedagog specjalny<\/td><td>1<\/td><\/tr><tr><td>razem<\/td><td>3<\/td><\/tr><\/tbody><\/table><\/figure>\n\n\n\n<h4 class=\"wp-block-heading\">Stopnie awansu zatrudnionych<\/h4>\n\n\n\n<figure class=\"wp-block-table\"><table><tbody><tr><td>pocz\u0105tkuj\u0105cy<\/td><td>19<\/td><\/tr><tr><td>mianowany<\/td><td>22<\/td><\/tr><tr><td>dypl.<\/td><td>36<\/td><\/tr><tr><td>razem<\/td><td>77<\/td><\/tr><\/tbody><\/table><\/figure>\n\n\n\n<h3 class=\"wp-block-heading\">Pracownicy administracji i obs\u0142ugi<\/h3>\n\n\n\n<figure class=\"wp-block-table\"><table><tbody><tr><td>administracja<\/td><td>6<\/td><\/tr><tr><td>obs\u0142uga<\/td><td>11<\/td><\/tr><tr><td>razem<\/td><td>17<\/td><\/tr><\/tbody><\/table><\/figure>\n\n\n\n<p><\/p>\n","protected":false},"excerpt":{"rendered":"<p>Liczba oddzia\u0142\u00f3w 2025\/2026 kl. I 6 kl. II 5 kl. III 7 kl. IV 7 razem 25 Stan uczni\u00f3w. Stan na dzie\u0144 08.05.2025 kl. I 143 kl. II 219 kl. III 203 kl. IV 159 razem 724 Struktura zatrudnienia nauczyciele specjali\u015bci: pedagog 1 psycholog 1 pedagog specjalny 1 razem 3 Stopnie awansu zatrudnionych pocz\u0105tkuj\u0105cy 19 [&hellip;]<\/p>\n","protected":false},"author":1,"featured_media":0,"parent":0,"menu_order":0,"comment_status":"closed","ping_status":"closed","template":"","meta":{"ocean_post_layout":"","ocean_both_sidebars_style":"","ocean_both_sidebars_content_width":0,"ocean_both_sidebars_sidebars_width":0,"ocean_sidebar":"0","ocean_second_sidebar":"0","ocean_disable_margins":"enable","ocean_add_body_class":"","ocean_shortcode_before_top_bar":"","ocean_shortcode_after_top_bar":"","ocean_shortcode_before_header":"","ocean_shortcode_after_header":"","ocean_has_shortcode":"","ocean_shortcode_after_title":"","ocean_shortcode_before_footer_widgets":"","ocean_shortcode_after_footer_widgets":"","ocean_shortcode_before_footer_bottom":"","ocean_shortcode_after_footer_bottom":"","ocean_display_top_bar":"default","ocean_display_header":"default","ocean_header_style":"","ocean_center_header_left_menu":"0","ocean_custom_header_template":"0","ocean_custom_logo":0,"ocean_custom_retina_logo":0,"ocean_custom_logo_max_width":0,"ocean_custom_logo_tablet_max_width":0,"ocean_custom_logo_mobile_max_width":0,"ocean_custom_logo_max_height":0,"ocean_custom_logo_tablet_max_height":0,"ocean_custom_logo_mobile_max_height":0,"ocean_header_custom_menu":"0","ocean_menu_typo_font_family":"0","ocean_menu_typo_font_subset":"","ocean_menu_typo_font_size":0,"ocean_menu_typo_font_size_tablet":0,"ocean_menu_typo_font_size_mobile":0,"ocean_menu_typo_font_size_unit":"px","ocean_menu_typo_font_weight":"","ocean_menu_typo_font_weight_tablet":"","ocean_menu_typo_font_weight_mobile":"","ocean_menu_typo_transform":"","ocean_menu_typo_transform_tablet":"","ocean_menu_typo_transform_mobile":"","ocean_menu_typo_line_height":0,"ocean_menu_typo_line_height_tablet":0,"ocean_menu_typo_line_height_mobile":0,"ocean_menu_typo_line_height_unit":"","ocean_menu_typo_spacing":0,"ocean_menu_typo_spacing_tablet":0,"ocean_menu_typo_spacing_mobile":0,"ocean_menu_typo_spacing_unit":"","ocean_menu_link_color":"","ocean_menu_link_color_hover":"","ocean_menu_link_color_active":"","ocean_menu_link_background":"","ocean_menu_link_hover_background":"","ocean_menu_link_active_background":"","ocean_menu_social_links_bg":"","ocean_menu_social_hover_links_bg":"","ocean_menu_social_links_color":"","ocean_menu_social_hover_links_color":"","ocean_disable_title":"default","ocean_disable_heading":"default","ocean_post_title":"","ocean_post_subheading":"","ocean_post_title_style":"","ocean_post_title_background_color":"","ocean_post_title_background":0,"ocean_post_title_bg_image_position":"","ocean_post_title_bg_image_attachment":"","ocean_post_title_bg_image_repeat":"","ocean_post_title_bg_image_size":"","ocean_post_title_height":0,"ocean_post_title_bg_overlay":0.5,"ocean_post_title_bg_overlay_color":"","ocean_disable_breadcrumbs":"default","ocean_breadcrumbs_color":"","ocean_breadcrumbs_separator_color":"","ocean_breadcrumbs_links_color":"","ocean_breadcrumbs_links_hover_color":"","ocean_display_footer_widgets":"default","ocean_display_footer_bottom":"default","ocean_custom_footer_template":"0","footnotes":""},"class_list":["post-12","page","type-page","status-publish","hentry","entry"],"_links":{"self":[{"href":"https:\/\/zeromski.waw.pl\/bip\/wp-json\/wp\/v2\/pages\/12","targetHints":{"allow":["GET"]}}],"collection":[{"href":"https:\/\/zeromski.waw.pl\/bip\/wp-json\/wp\/v2\/pages"}],"about":[{"href":"https:\/\/zeromski.waw.pl\/bip\/wp-json\/wp\/v2\/types\/page"}],"author":[{"embeddable":true,"href":"https:\/\/zeromski.waw.pl\/bip\/wp-json\/wp\/v2\/users\/1"}],"replies":[{"embeddable":true,"href":"https:\/\/zeromski.waw.pl\/bip\/wp-json\/wp\/v2\/comments?post=12"}],"version-history":[{"count":10,"href":"https:\/\/zeromski.waw.pl\/bip\/wp-json\/wp\/v2\/pages\/12\/revisions"}],"predecessor-version":[{"id":160,"href":"https:\/\/zeromski.waw.pl\/bip\/wp-json\/wp\/v2\/pages\/12\/revisions\/160"}],"wp:attachment":[{"href":"https:\/\/zeromski.waw.pl\/bip\/wp-json\/wp\/v2\/media?parent=12"}],"curies":[{"name":"wp","href":"https:\/\/api.w.org\/{rel}","templated":true}]}}