{"id":16,"date":"2022-04-21T15:46:40","date_gmt":"2022-04-21T13:46:40","guid":{"rendered":"https:\/\/zeromski.waw.pl\/bip\/?page_id=16"},"modified":"2022-04-21T19:17:06","modified_gmt":"2022-04-21T17:17:06","slug":"majatek","status":"publish","type":"page","link":"https:\/\/zeromski.waw.pl\/bip\/majatek\/","title":{"rendered":"Maj\u0105tek"},"content":{"rendered":"\n<pre class=\"wp-block-code\"><code>&lt;H2&gt;Maj&amp;#261tek&lt;\/H2&gt; <\/code><\/pre>\n\n\n\n<h3 class=\"wp-block-heading\">Nazwa obiektu<\/h3>\n\n\n\n<p>Budynek XL Liceum Og\u00f3lnokszta\u0142c\u0105cego<\/p>\n\n\n\n<h3 class=\"wp-block-heading\">W\u0142a\u015bciciel obiektu<\/h3>\n\n\n\n<p>Miasto Sto\u0142eczne Warszawa &#8211; Dzielnica Wola<\/p>\n\n\n\n<h3 class=\"wp-block-heading\">Funkcja obiektu<\/h3>\n\n\n\n<p>Szko\u0142a<\/p>\n\n\n\n<h3 class=\"wp-block-heading\">Powierzchnia zabudowy<\/h3>\n\n\n\n<p>4263 m<sup>3<\/sup><\/p>\n\n\n\n<h3 class=\"wp-block-heading\">Powierzchnia u\u017cytkowa<\/h3>\n\n\n\n<p>8844,2 m<sup>2<\/sup><\/p>\n\n\n\n<h3 class=\"wp-block-heading\">Kubatura<\/h3>\n\n\n\n<p>31244 m<sup>3<\/sup><\/p>\n\n\n\n<h3 class=\"wp-block-heading\">Ilo\u015b\u0107 kondygnacji nad ziemi\u0105<\/h3>\n\n\n\n<p>3<\/p>\n\n\n\n<h3 class=\"wp-block-heading\">Ilo\u015b\u0107 kondygnacji pod ziemi\u0105<\/h3>\n\n\n\n<p>1<\/p>\n","protected":false},"excerpt":{"rendered":"<p>Nazwa obiektu Budynek XL Liceum Og\u00f3lnokszta\u0142c\u0105cego W\u0142a\u015bciciel obiektu Miasto Sto\u0142eczne Warszawa &#8211; Dzielnica Wola Funkcja obiektu Szko\u0142a Powierzchnia zabudowy 4263 m3 Powierzchnia u\u017cytkowa 8844,2 m2 Kubatura 31244 m3 Ilo\u015b\u0107 kondygnacji nad ziemi\u0105 3 Ilo\u015b\u0107 kondygnacji pod ziemi\u0105 1<\/p>\n","protected":false},"author":1,"featured_media":0,"parent":0,"menu_order":0,"comment_status":"closed","ping_status":"closed","template":"","meta":{"ocean_post_layout":"","ocean_both_sidebars_style":"","ocean_both_sidebars_content_width":0,"ocean_both_sidebars_sidebars_width":0,"ocean_sidebar":"0","ocean_second_sidebar":"0","ocean_disable_margins":"enable","ocean_add_body_class":"","ocean_shortcode_before_top_bar":"","ocean_shortcode_after_top_bar":"","ocean_shortcode_before_header":"","ocean_shortcode_after_header":"","ocean_has_shortcode":"","ocean_shortcode_after_title":"","ocean_shortcode_before_footer_widgets":"","ocean_shortcode_after_footer_widgets":"","ocean_shortcode_before_footer_bottom":"","ocean_shortcode_after_footer_bottom":"","ocean_display_top_bar":"default","ocean_display_header":"default","ocean_header_style":"","ocean_center_header_left_menu":"0","ocean_custom_header_template":"0","ocean_custom_logo":0,"ocean_custom_retina_logo":0,"ocean_custom_logo_max_width":0,"ocean_custom_logo_tablet_max_width":0,"ocean_custom_logo_mobile_max_width":0,"ocean_custom_logo_max_height":0,"ocean_custom_logo_tablet_max_height":0,"ocean_custom_logo_mobile_max_height":0,"ocean_header_custom_menu":"0","ocean_menu_typo_font_family":"0","ocean_menu_typo_font_subset":"","ocean_menu_typo_font_size":0,"ocean_menu_typo_font_size_tablet":0,"ocean_menu_typo_font_size_mobile":0,"ocean_menu_typo_font_size_unit":"px","ocean_menu_typo_font_weight":"","ocean_menu_typo_font_weight_tablet":"","ocean_menu_typo_font_weight_mobile":"","ocean_menu_typo_transform":"","ocean_menu_typo_transform_tablet":"","ocean_menu_typo_transform_mobile":"","ocean_menu_typo_line_height":0,"ocean_menu_typo_line_height_tablet":0,"ocean_menu_typo_line_height_mobile":0,"ocean_menu_typo_line_height_unit":"","ocean_menu_typo_spacing":0,"ocean_menu_typo_spacing_tablet":0,"ocean_menu_typo_spacing_mobile":0,"ocean_menu_typo_spacing_unit":"","ocean_menu_link_color":"","ocean_menu_link_color_hover":"","ocean_menu_link_color_active":"","ocean_menu_link_background":"","ocean_menu_link_hover_background":"","ocean_menu_link_active_background":"","ocean_menu_social_links_bg":"","ocean_menu_social_hover_links_bg":"","ocean_menu_social_links_color":"","ocean_menu_social_hover_links_color":"","ocean_disable_title":"default","ocean_disable_heading":"default","ocean_post_title":"","ocean_post_subheading":"","ocean_post_title_style":"","ocean_post_title_background_color":"","ocean_post_title_background":0,"ocean_post_title_bg_image_position":"","ocean_post_title_bg_image_attachment":"","ocean_post_title_bg_image_repeat":"","ocean_post_title_bg_image_size":"","ocean_post_title_height":0,"ocean_post_title_bg_overlay":0.5,"ocean_post_title_bg_overlay_color":"","ocean_disable_breadcrumbs":"default","ocean_breadcrumbs_color":"","ocean_breadcrumbs_separator_color":"","ocean_breadcrumbs_links_color":"","ocean_breadcrumbs_links_hover_color":"","ocean_display_footer_widgets":"default","ocean_display_footer_bottom":"default","ocean_custom_footer_template":"0","footnotes":""},"class_list":["post-16","page","type-page","status-publish","hentry","entry"],"_links":{"self":[{"href":"https:\/\/zeromski.waw.pl\/bip\/wp-json\/wp\/v2\/pages\/16","targetHints":{"allow":["GET"]}}],"collection":[{"href":"https:\/\/zeromski.waw.pl\/bip\/wp-json\/wp\/v2\/pages"}],"about":[{"href":"https:\/\/zeromski.waw.pl\/bip\/wp-json\/wp\/v2\/types\/page"}],"author":[{"embeddable":true,"href":"https:\/\/zeromski.waw.pl\/bip\/wp-json\/wp\/v2\/users\/1"}],"replies":[{"embeddable":true,"href":"https:\/\/zeromski.waw.pl\/bip\/wp-json\/wp\/v2\/comments?post=16"}],"version-history":[{"count":3,"href":"https:\/\/zeromski.waw.pl\/bip\/wp-json\/wp\/v2\/pages\/16\/revisions"}],"predecessor-version":[{"id":84,"href":"https:\/\/zeromski.waw.pl\/bip\/wp-json\/wp\/v2\/pages\/16\/revisions\/84"}],"wp:attachment":[{"href":"https:\/\/zeromski.waw.pl\/bip\/wp-json\/wp\/v2\/media?parent=16"}],"curies":[{"name":"wp","href":"https:\/\/api.w.org\/{rel}","templated":true}]}}